x). Give z(14).
-9
Let r(j) = 4*j**3 + 9*j**2 - 2*j + 6. Let n(z) = 5*z**3 + 10*z**2 - 4*z + 5. Let c = -11 + 7. Let q(m) = c*r(m) + 3*n(m). Give q(-6).
15
Let d = 102 - 94. Let t(r) = r**2 + 11*r. Let k(q) = -3*q**2 - 31*q. Let g(p) = d*t(p) + 3*k(p). What is g(-5)?
0
Let b(l) = -53*l**2 + 14*l - 10. Let a(x) = 11*x**2 - 3*x + 2. Let s(o) = 14*a(o) + 3*b(o). Calculate s(-1).
-7
Suppose 53 = -4*f + t, -5*t - 28 = 5*f + 7. Let z(p) be the first derivative of p**3/3 + 5*p**2 - 9*p - 1763. What is z(f)?
15
Let i = -369683 - -369687. Let u(k) be the second derivative of k**4/12 - k**3/6 - 5*k**2/2 - 2*k. Calculate u(i).
7
Let d(r) = 11*r + 65. Let v be 27/(-18) + 5 + (-95)/10. Calculate d(v).
-1
Let k(u) = -2*u**2 + 41*u - 191. Let q be ((-112)/64)/((-12)/(-16) + -1). Calculate k(q).
-2
Let g be 31/((-98)/(-418) - (-30)/(-165)). Let p = g - 590. Let t(j) = -45*j - 1. Determine t(p).
44
Let p(f) = -4*f**2 + 39*f - 92. Let m be p(3). Let t(i) = i**3 + 11*i**2 + 22. What is t(m)?
22
Let l(s) be the second derivative of s**5/20 + 11*s**4/6 - 23*s**3/6 - 2*s**2 + 2*s - 127. Determine l(-23).
-4
Suppose 3*r + 10 = 8*r, -3*i + 5*r = -1190. Let v = i - 408. Let d(a) = -a**2 - 8*a. Determine d(v).
0
Let v(n) = -n + 35. Suppose -3*u + 32*y = 37*y - 15, -5*y + 15 = u. Calculate v(u).
35
Let m(x) = -177*x + 47. Let u(r) = -47*r + 13. Let z(p) = 4*m(p) - 15*u(p). Let h be 2/(-6) + 40/(-6). Determine z(h).
14
Let d(a) = 11*a + 134. Suppose 16*u - 63 = 21*u + n, u + n = -19. Calculate d(u).
13
Let n(b) = 20 + 557*b**3 + 4*b - 12*b - 7 - 1118*b**3 + 3*b**2 + 562*b**3. Determine n(-5).
3
Let i = -235 + 230. Let c(y) = -43*y + 5. Let t(z) = 34*z - 6. Let a(h) = i*t(h) - 4*c(h). What is a(9)?
28
Let w(g) = -9*g**2 + 4*g + 4. Suppose 0 = 126*i - 232 - 146. Determine w(i).
-65
Let s be (-282 + -1)*(3 - 2). Let v = s + 283. Let x(b) = -b**3 + b**2 - 2*b + 1. Determine x(v).
1
Let f(r) = -2*r**2 - 14*r - 3. Suppose 18*z - 34*z = 112. Calculate f(z).
-3
Suppose 116 = a + 30*a - 2*a. Let s(i) be the third derivative of 0 - 1/12*i**a - 1/60*i**5 + 0*i - 22*i**2 - 1/6*i**3. Determine s(2).
-9
Let u = 73 + -70. Let g(w) = 633825*w**u + 4*w - 633824*w**3 + 3*w**2 + 2*w**2. Suppose -3 - 2 = i. Give g(i).
-20
Let n(h) = 71*h - 2. Suppose 5*o + 24 + 0 = -4*y, -3*o = -y + 11. Give n(y).
-73
Let i(x) = -34*x + 1612. Let r(q) = 123. Let m(w) = -i(w) + 12*r(w). Give m(4).
0
Let m = -235 - -231. Let i(d) = -d + 5. Let k(y) = y - 3. Let w(o) = m*i(o) - 7*k(o). Determine w(-6).
19
Let a(w) = -w**2 + 9*w - 6. Let s(y) = -2*y**3 - y**2 - 9*y + 14. Let h be s(4). Let i = h + 172. Give a(i).
12
Suppose -3*r - 5 + 23 = -4*x, -x = -4*r + 37. Let s be (r/(-4) - -2)/((-8)/(-16)). Let v(c) = 4*c**3 - c**2 - 2*c - 1. Calculate v(s).
-4
Let b(u) = 40*u + 21 + 72 + u**2 + 92 + 9 + 37. Give b(-33).
0
Let t(z) = 2*z**3 - 3*z**2 - 2*z - 4. Suppose a - 2 = 4*w, -3*a - 1868 = -1850. What is t(w)?
-28
Suppose 5*q = 2*b + 31 - 3, -4*q = b + 1. Let s(m) = -m**2 - 10*m - 23. Let v be s(b). Let n(g) = -14*g - 9*g**2 + 5 - 14*g**2 + 22*g**2. What is n(v)?
5
Let o(q) = 8*q - 2541 - q + 1267 - 2*q + 1266. What is o(2)?
2
Let x be 2 - ((-13)/(-26))/((-1)/2). Suppose x*c - 14 = -4*f, f + 4*c - 18 = -4*f. Let i(s) = -s**2 + 4 - 8*s**f + 11*s**2 - s**3 - 10*s**2. What is i(-8)?
4
Let o = 6112 + -6132. Let l(s) = 5*s + 59. What is l(o)?
-41
Let a(y) be the third derivative of -y**6/120 - 2*y**5/15 - 5*y**4/24 + y**3/6 + 207*y**2 - 2*y. Suppose 5*q = 15, 26 = -4*j - q + 1. Determine a(j).
-13
Let t(q) = 21*q**2 - 59*q + 194. Let g(l) = 8*l**2 - 24*l + 77. Let r(b) = 13*g(b) - 5*t(b). Determine r(-18).
13
Let t(z) be the second derivative of -z**5/20 - 17*z**4/12 + 23*z**3/6 + 42*z**2 + 3887*z. Give t(-18).
-6
Let d(i) = -i**3 + 10*i**2 + 23*i + 15. Let u be d(12). Let c(n) = -6 - 8 + n + 20 - 4. Give c(u).
5
Let r be (12/(-2) - 0) + 6. Let t(u) = -3*u + 0*u - 1 + r*u**2 - 6*u**2 - u**3. Suppose -2*d = 5*h - 4*d + 21, -3*h - 2*d = 19. What is t(h)?
-11
Let w(d) = d - 19. Suppose 3*q - 19*a + 14*a = 96, -6*q + 3*a + 171 = 0. What is w(q)?
8
Let m(a) = -a**3 + 24*a**2 - 34*a + 267. Let c be m(23). Let k(u) = 18*u - 261. Determine k(c).
-9
Suppose -3*j - 4*f = -87, -j - j - f = -58. Let a = -26 + j. Let q(g) = 3*g**a - 5*g**3 - 7*g**2 - 5*g + 8 + g**3. What is q(-6)?
2
Let x(p) = -2*p - 5. Suppose 19*g - 28*g = 0. Let f be (1 + 1 + g)*325/(-26). Let j be (-2)/(-8) + 5/20*f. Give x(j).
7
Let s = -92 - -88. Let j(l) = 2*l**3 - 4*l**2 + 3*l - 8. Let t(v) = -5*v**3 + 12*v**2 - 8*v + 23. Let b(r) = 8*j(r) + 3*t(r). What is b(s)?
5
Let i(s) = s**3 + 6*s**2 + 4*s + 1. Let k be 2/(-14) + 0 - (-410)/(-70). Let h(r) = r**3 + 4*r**2 - 17*r - 35. Let v be h(k). Calculate i(v).
6
Let b(x) = -x**2 - 51*x + 103. Suppose 3*y + 660 = 286 + 215. Calculate b(y).
-3
Let q(u) = -6*u. Let o = 224 + -219. Suppose 0 = 3*i - o + 11. Give q(i).
12
Let r(t) = 22*t**2 + 33*t - 20. Let u(z) = -45*z**2 - 71*z + 44. Let m(a) = -13*r(a) - 6*u(a). Determine m(2).
-74
Let m(x) = 6*x - 121. Let p(u) = -691*u - 6888. Let h be p(-10). Give m(h).
11
Let d(v) = 8*v + 27. Let c be d(-3). Let f(n) = -n - 7. Suppose -4*l + 2*b = -6 - 0, 2*l = 5*b + 7. Let y(i) = 1. Let j(x) = c*y(x) + l*f(x). Calculate j(-5).
1
Suppose 0 = 18*n - 3*n - 75. Let t(h) = h**2. Let v(f) = 8*f**2 + 3*f. Let j(m) = n*t(m) - v(m). Give j(-2).
-6
Let u(v) = v - 13. Let n(z) = 39*z - 270. Let q be n(7). Let d(m) = m + 4. Let o be d(q). What is u(o)?
-6
Let y be 26/10 + 3/(-5). Let a(c) = c**3 - 3*c**2 - 6*c + 10. Let h be a(4). Let x(g) = 346*g + 0 + g**3 - 1 - g**h - 348*g. Determine x(y).
-1
Let q(p) = -20 - 21*p + 30 + 22 + 25*p. Give q(7).
60
Let b(k) = -13*k - 2. Let i(d) = 19*d + 3. Let p(o) = -7*b(o) - 5*i(o). Let c(a) = -3*a. Let f(y) = 6*c(y) - 4*p(y). Let q be -2 + -2 - 1*-7. Determine f(q).
-2
Let f(i) = -2*i**2 - i + 0 + 3*i**2 + 3. Let v be (0/7)/(-1 + 0). Suppose 8*x = -v*x + 2*x. Give f(x).
3
Let c(p) = -p**3 - 2*p**2 + p + 1. Let d(k) = 3*k + 43. Let z = 1 + -8. Let g be d(z). Let q = 20 - g. Determine c(q).
-1
Let p(t) = -11*t**2 - 10*t + 121. Let k(y) = -24*y**2 - 21*y + 259. Let s(a) = 6*k(a) - 13*p(a). Determine s(0).
-19
Let b(j) = -j**2 - 2*j + 7. Suppose 522*p = 512*p + 330. Suppose -3*s = 3*n + 3, -35 + p = s + 2*n. Calculate b(s).
7
Let v(h) be the second derivative of -h**3/3 - 7*h**2/2 - 1435*h. What is v(-15)?
23
Let q(x) = 2*x**2 + 8*x + 3. Let z = 614 + -619. What is q(z)?
13
Let k(o) = -7*o**2 + 7*o - 205. Let j(m) = -m**2 + m - 33. Let p(x) = 6*j(x) - k(x). Determine p(3).
13
Let u(h) = -h**3 + h**2 + 2*h. Suppose 70 - 4 = 11*v. Let t(f) = -10*f**3 + 7*f**2 + 12*f + 1. Let q(x) = v*u(x) - t(x). Calculate q(2).
27
Let h(u) = -u**2 + 7*u - 12. Let j be 4/5 + 930/150. Determine h(j).
-12
Let u(t) = t**2 + 10*t - 9. Suppose 32*n - 5 = 2*q + 37*n, 4*q + 45 = -3*n. Determine u(q).
66
Let g(m) = -m**2 - 8*m - 7. Let o(d) = -d + 8. Let b be o(7). Let c(q) = 86*q**3 - q**2 + 4*q - 2. Let k be c(b). Let z = k - 94. Determine g(z).
0
Let u = 27 + -24. Suppose -u*i - 2 = -17. Let a(o) be the first derivative of -o**4/4 + 4*o**3/3 + 5*o**2/2 - 3*o + 21. Calculate a(i).
-3
Suppose 85*f - 75*f = 34260. Let q(a) = a - f + 3423 + 2*a + 7*a**2 + a**3. Determine q(-6).
15
Let r be ((-6)/168)/((-82)/2296). Let c(t) = 21*t**2 - 3*t + 11. Let o(x) = -7*x**2 + x - 4. Let h(m) = -3*c(m) - 8*o(m). Determine h(r).
-7
Let t(h) = -h. Let y be ((-14)/4 + 2)*(-20)/(-15). Let s be (-1)/2*y*(-1 + 4). What is t(s)?
-3
Suppose -4*k = -c - 3, k - 6*k = 4*c - 30. Let p be (-2)/(-3)*(-30)/(-10). Let m(g) = g + 3 - p + 0 + 0. Calculate m(c).
6
Suppose -3*v + 112 = 5*f + 94, 24 = 4*v + 5*f. Let c(j) = -63*j + 385. What is c(v)?
7
Let m(p) = 39*p + 1. Let k(j) = 168*j - 12. Let u(f) = -k(f) + 4*m(f). Calculate u(-3).
52
Let h(l) = l**2 + 15*l + 41. Let o = -4503 + 4491. Calculate h(o).
5
Suppose -a = -4, -18*a + 11 = 3*n - 16*a. Let q(x) = 90*x - 45*x - 44*x + n. What is q(-8)?
-7
Let c = 9 - 6. Suppose 2 = b + i, -6*i + 3*i - 6 = -c*b. Let z(j) be the first derivative of -j**4/2 + 2*j**3/3 + j**2/2 - j + 281. Calculate z(b).
-7
Let o = 67 - 65. Let k(f) = o*f + 2*f + 8 - 309*f**2 + 0*f + 308*f**2. Suppose -4*j + 3*j = -5*a + 33, -5*a = 5*j - 15. What is k(a)?
-4
Let f(b) = -2*b - 4. Let m(